 f be b(5). Suppose 8436 = f*o - 22972. List the prime factors of o.
2, 151
Let i be (2 + 17)/(1*3/48). Let v be (171/36)/(2/i). Suppose -3*g = -2*h + 475, -11*g + v = 3*h - 6*g. What are the prime factors of h?
239
Let a(y) = -y**3 - 15*y**2 - 20*y - 65. Let c be (2 - (6 + 2))*15/6. List the prime factors of a(c).
5, 47
Suppose -4*z + 21*z - 187 = 0. Suppose 4*y - 8 = 0, -64 = -u + y - 19. Let k = z + u. List the prime factors of k.
2, 29
Suppose 5*s - 5*z - 120 + 1195 = 0, 2*z - 210 = s. Let w = s + 528. Suppose -704 = -5*c - 4*o, 0*o + 5*o + w = 2*c. What are the prime factors of c?
2, 3
Suppose 2*r - 5704 = 6*r. Let w = 2163 + r. What are the prime factors of w?
11, 67
Let w = -13232 - -27974. What are the prime factors of w?
2, 3, 7, 13
Suppose 1000 = 2*w - 3914. Suppose -8*n = -21*n + w. What are the prime factors of n - (-3 - (4 - 11))?
5, 37
Suppose -4*y + 4*w + 140 = -4988, -w = -4*y + 5134. Let o = -635 + y. What are the prime factors of o?
11, 59
Let x(h) = -20*h**3 + h**2 + 13*h + 31. Let m be x(-4). Suppose -5*k + 1442 = 2*d + 185, k = 2*d - m. List the prime factors of d.
2, 3, 53
Suppose 5*f + 5*j = 44750, -27*f + 29*f + j - 17898 = 0. List the prime factors of f.
2, 2237
Let i be -4*1*((-6 - -12) + 15). What are the prime factors of 905/(-2)*i/70?
3, 181
Suppose -1 = 3*d - 7. Suppose -5*m = -4*r - 1 - 1118, m - d*r = 219. List the prime factors of m.
227
Suppose 3*h = -4*m + 7*m - 3, -2*h - 3*m + 13 = 0. Suppose 8*x = 3*x + 10. Suppose 0 = h*b + x*y - 66, y - 66 = -b - b. What are the prime factors of b?
3, 11
Let r(p) = -575*p + 126. List the prime factors of r(-16).
2, 4663
Let i be (1/4 + -1)*(-211 + -1). Let a = -63 + i. Let u = 228 - a. What are the prime factors of u?
2, 3, 11
Suppose 0 = 4*l - 172 - 284. Suppose -3*h - 126 = -l. What are the prime factors of -4*((-2681)/140 - h/10)?
3, 5
Suppose 452067 = 38*q + 39*q. List the prime factors of q.
3, 19, 103
Let v(j) = 24*j**2 - 1. Let c be 4 - (-6)/5*-5. What are the prime factors of v(c)?
5, 19
Suppose 3*m + 5*w + 12 = 0, -w + 8 = 2*m - 3*w. Suppose -2*v = m - 11. Suppose v*s = 449 + 6. List the prime factors of s.
7, 13
Suppose 0 = -2*k + 5*b + 256, 5*k + 14*b - 669 = 12*b. Suppose 9*t + k = 10*t. List the prime factors of t.
7, 19
Let t be -8 + 22 + 12/3. Suppose -t = 2*h - 4. What are the prime factors of 61 - (-1 + (-4 - h))?
59
Suppose -2*g + 81 - 29 = -4*a, -3*g = 2*a - 118. Suppose 2*s + 80 = -3*s. List the prime factors of (-2)/(-6) - 6*s/g.
3
Suppose 0 = -3*j + 5*j - 32. Let d = j + -19. What are the prime factors of ((-34)/d*-2)/(5/(-30))?
2, 17
Let s = -22 + -16. Let a be 4104/21 - (-21)/(-49). Let m = s + a. What are the prime factors of m?
157
Suppose 0 = 4*c - 6 + 2, 0 = 4*m - 5*c - 2559. Suppose 5*l - 2106 = -5*h - m, 2*l + 3*h = 591. What are the prime factors of l?
2, 3
Suppose -53*o + 65*o - 16584 = 0. What are the prime factors of o?
2, 691
What are the prime factors of 21387 + 1 + 0 + (-3 - -9)?
2, 19, 563
Suppose 0 = 4*p - 12, -4*j - 3*p + 10 = -11. Suppose 848 = j*c + 5*y, -c = -3*y + 111 - 417. List the prime factors of c.
3, 97
Suppose 41*n + 36484 = 158828 + 1577311. What are the prime factors of n?
5, 8291
What are the prime factors of (-6 + 1 - 308/20)*8985/(-6)?
3, 17, 599
Let y(q) = 46*q + 2559. List the prime factors of y(-27).
3, 439
Let x(t) = 44*t**2 + 317*t + 137. What are the prime factors of x(-40)?
47, 1231
Let z(k) = 3677*k - 321. What are the prime factors of z(14)?
51157
Suppose 63626 = 144*d - 5062. Suppose 2*u + 12 = 4*r, -u + 6*r - 15 = r. Suppose -3*t = -4*x - 305 - 196, -3*t - 4*x + d = u. List the prime factors of t.
163
Let l = 17 - 13. Let x(j) = 59*j + 26. What are the prime factors of x(l)?
2, 131
Let z = -416 - -421. Suppose 0 = -z*n - 25*n + 1440. What are the prime factors of n?
2, 3
Let p(k) = 154*k**2 - 684*k + 10036. List the prime factors of p(15).
2, 7, 2459
Let w = -104378 + 168882. List the prime factors of w.
2, 11, 733
Let k(p) = 84 - 64*p + p - 41 + 71. List the prime factors of k(-25).
3, 563
Let l(s) = 7*s + 8. Let h be l(2). Suppose -2*y + h - 14 = 0. List the prime factors of 235/y*2 + 3/(-2).
2, 29
Let h be 1/(2 + (-15)/9). Suppose 4*q + i - 405 = h*q, 405 = q - 4*i. Suppose -8*a + 11*a - q = 0. What are the prime factors of a?
3, 5
Let w(p) = 2*p**2 + 62*p + 75. Suppose 6*h + 2*r = h - 150, r = 0. List the prime factors of w(h).
3, 5
Suppose 4*l - 14 = -3*l. Suppose l*y + 42 = 58. Suppose y*m = -m + 171. List the prime factors of m.
19
Let v(m) = 4*m**3 + 6*m**2 - m + 37. Let w be v(5). Suppose 815 = 3*a + k - w, 5*a - 5*k = 2495. List the prime factors of a.
499
Let p be (-113)/3 + (-19)/57. Let j = p + 44. Suppose 3*q - 2*g = 399, -4*g + j*g - 665 = -5*q. List the prime factors of q.
7, 19
Let g(q) = -5*q + 30. Let p be g(6). Suppose -14*j + 5*j + 198 = p. List the prime factors of j.
2, 11
Suppose 48 = -4*x - 84. Let z = -28 - x. Suppose 4*q - 240 = -4*o, -o + z*o - 16 = 0. List the prime factors of q.
2, 7
Let j(r) = 2*r**2 - 12*r + 44. Let t be j(8). Suppose -2*m - t = -w + 179, 251 = w - 4*m. Let u = w + -182. List the prime factors of u.
7, 11
Let t = 160 - 92. Let g be t/18 - (-6)/27. Suppose -5*y - 33 = -3*n, -g*y + 55 = n + 4*n. List the prime factors of n.
11
Suppose 2*h - 104866 = 785*j - 780*j, 3*h - 157263 = 3*j. What are the prime factors of h?
3, 17471
Let o(p) = 38*p**2 - 2*p - 1. Suppose 0 = 4*b - 8 + 20. What are the prime factors of o(b)?
347
Let l(h) = 65*h - 27. Let i be l(11). Suppose -50*u + i = -46*u. Suppose 35*j - u = 33*j. What are the prime factors of j?
2, 43
Suppose 0 = -2*x + 114*s - 111*s + 7657, -19174 = -5*x - 3*s. What are the prime factors of x?
3833
Let l = 84897 + -16851. List the prime factors of l.
2, 3, 11, 1031
Suppose 5*h - 4*f + 4 = 49, -4*h = 2*f - 10. Suppose h*k - 3 = -23, -k = -5*s + 5779. What are the prime factors of s?
3, 5, 7, 11
Let b(x) = -3*x**2 + 5*x + 3. Let w(j) = -2*j**2 + 5*j + 2. Let c(i) = -3*b(i) + 4*w(i). Let f be c(-6). What are the prime factors of 15/1 - (3 - f)?
17
Suppose -1136*q + 946225 = -1101*q. List the prime factors of q.
5, 5407
Suppose 183*l - 100*l - 1081822 = 0. List the prime factors of l.
2, 7, 19
Let a = 52147 - 29859. What are the prime factors of a?
2, 7, 199
Let o be ((-20)/(-60))/(1/15195). Suppose -19*m + o = -7133. What are the prime factors of m?
2, 3, 107
Suppose 3*h = -4*x + 165, 4*x - 3*h + 7 - 154 = 0. Suppose 0 = x*s - 42*s + 2523. List the prime factors of s.
29
Suppose -20*x + 3*x + 16439 = 0. Let y = -554 + x. Suppose 4*s + 5*b = y, -53 = -s + 2*b + 60. What are the prime factors of s?
107
Let w(k) be the first derivative of 34*k**3/3 + 9*k**2/2 - 17*k + 616. Suppose 3*x + 0 + 2 = 2*v, -4*v = -4*x - 8. List the prime factors of w(x).
137
Let u(g) = 243*g - 6. Let r be u(2). Let a be (3/(-4))/(20/r). List the prime factors of (-3 - a)/5 - -178.
181
Suppose 3*i + v + 60 = 2*v, -40 = 2*i + 2*v. What are the prime factors of (-12)/(-10) - 22196/i?
11, 101
Let y = -1349 + 360. Let a = y - -2101. List the prime factors of a.
2, 139
Suppose 0 = 5*o - 2*c - 204, 4*o = 4*c - 7 + 163. Suppose 15*a - 18*a = o. Let r = a - -101. What are the prime factors of r?
3, 29
Let k(c) = c**3 - 26*c**2 - 36*c + 288. List the prime factors of k(30).
2, 3, 13
List the prime factors of (-1277)/((-234)/(-728) + 5/(35/(-4))).
2, 1277
Let m = -65 - -74. Let j(t) be the first derivative of 5*t**2/2 + 33*t + 60. List the prime factors of j(m).
2, 3, 13
Let h(x) = -x**2 + 12*x - 3. Let m be h(12). Let k be (-2)/(-6)*m + (1 - -6). Suppose 9*t = k*t + 159. List the prime factors of t.
53
Suppose 118*j - 697783 - 433719 = 0. List the prime factors of j.
43, 223
List the prime factors of 156*(3 + -3 - 18/(-4)).
2, 3, 13
Suppose -p + 5*m - 588 = -84, -2088 = 4*p + 4*m. Let w = p + 816. Suppose -r - 5*b = -268, 0 = r - 5*b + 39 - w. List the prime factors of r.
263
What are the prime factors of ((-14)/(-70))/1 + (-878184)/(-30)?
73, 401
Suppose -18086 = -95*a - 5610 + 34359. List the prime factors of a.
17, 29
What are the prime factors of (-16 - 7/(-140)*68132)/((-1)/(-15))?
3, 5651
Let w be 7/(-21)*(23 + 1). Let y(d) = -10*d - 2*d - d**2 + 16 + 3*d**2 - 3*d**2. List the prime factors of y(w).
2, 3
Let l(d) = 132*d**3 - 5*d**2 + 7*d - 1.